hat is the remainder when 54 is divided by (u + -3)*(-1)/2*-2?
10
Suppose -2*p + 3 = 1, -p - 15 = -4*k. Suppose 4*l - 2*l - k = 0. Suppose 2*y - 412 = -l*y. What is the remainder when y is divided by 26?
25
Let x = -22 + 23. Let v(a) = 32*a + 2. Let o be v(x). Let q = 13 + o. What is the remainder when q is divided by 17?
13
What is the remainder when 176 is divided by (-1)/3 + (-427)/126*-6?
16
Let f = -330 - -336. Let n = 25 + -10. What is the remainder when n is divided by f?
3
Suppose 398 + 232 = 9*b. Let t = b - 28. What is the remainder when t is divided by 11?
9
Let p = 161 - 137. What is the remainder when 138 is divided by p?
18
Suppose 3*u = -u + 68. Let z be 3/(-3)*(-2 - -12). Let g = z + 19. What is the remainder when u is divided by g?
8
Suppose -4*y - 2*j = -0*j - 22, -3*y + 9 = 3*j. What is the remainder when (-1)/(-3)*(-116 - -185) is divided by y?
7
Suppose 6*f - 34 = 2. Let z = -3 - 0. Let m = f - z. What is the remainder when m is divided by 4?
1
Let c be 2642/(-6) + 4/12. Calculate the remainder when 42 is divided by 1/5 + c/(-50).
6
Suppose 10*c - 99 - 271 = 0. Suppose -r = 3*y + 13, -y + 10 = -2*r - 3*y. What is the remainder when c is divided by ((-26)/(-6))/(r/(-3))?
11
Let l be (10/3)/(8/108). Suppose 5*r + 5*v - l = 0, r + 10 - 22 = -2*v. What is the remainder when (18/(-27))/(r/(-261)) is divided by 3?
2
Let x = -756 - -799. Calculate the remainder when 428 is divided by x.
41
Let m(r) = r**3 + 18*r**2 + 31*r + 235. What is the remainder when m(-11) is divided by 93?
90
Calculate the remainder when 482 is divided by 27 + -10 - (-13 - 0).
2
Let l = -216 + 98. Let h = 278 + l. What is the remainder when h is divided by 54?
52
Suppose -2*c - 10 = 0, -5*p + 3*c + 1066 = -1574. What is the remainder when p is divided by 16?
13
Suppose -2118 = 229*w - 235*w. What is the remainder when w is divided by 7?
3
Suppose 3426*h - 3435*h = -621. What is the remainder when 204 is divided by h?
66
Suppose 4*y = 5*y + 2, 5*z = -2*y - 4. Suppose -4*v + 25 = -z*v + o, 4*v - 21 = 3*o. Suppose 2 = 3*q - 10. Calculate the remainder when v is divided by q.
2
Let l = 14 + -10. Suppose 2*b = 3*r + 31, 0 = -3*b - l*r + 6 - 2. Calculate the remainder when 2 - 0 - 3 - (-15 + 0) is divided by b.
6
Suppose 261 = 5*u - 3*c, -3*u + 3*c = -0*u - 159. Let k = 90 - u. What is the remainder when k is divided by 12?
3
Let d = 9 - 7. Suppose d*l = 15 + 7. Calculate the remainder when l is divided by (6 + (-3 - -5) + -5)*1.
2
Let r = -117 + 143. Calculate the remainder when r is divided by 15.
11
Suppose 2*r + u - 105 = 45, u - 75 = -r. Suppose 18 - 3 = 5*p. Suppose -5*x + 3 - r = -p*d, 2*x = 0. What is the remainder when 93 is divided by d?
21
Suppose 2*v = -12*v + 504. Suppose 43 = -4*c + 119. What is the remainder when v is divided by c?
17
Let n = 84 - -118. What is the remainder when n is divided by 61?
19
Suppose -5*p = -p + 92. Suppose -16*g + 63 = -33. Let i = g - p. What is the remainder when 57 is divided by i?
28
Let f be 26/(-3)*6/2. What is the remainder when 49 is divided by (1/2)/((-1)/f)?
10
Let g(k) = 56*k**2 - 3*k + 2. Let j(y) = y - 1. Let c(f) = g(f) + 3*j(f). Let u be c(1). Let z = u + -38. Calculate the remainder when z is divided by 9.
8
Let r(n) = -n**3 + 6*n**2 - n - 2. Let l(w) = 26*w + 5. Calculate the remainder when l(3) is divided by r(3).
17
Suppose 2*v + 0*v + 580 = 5*a, 0 = -5*a - 5*v + 545. Suppose -o = 37 - a. Calculate the remainder when o is divided by 13.
12
Let l = -320 - -321. Calculate the remainder when 18 is divided by l.
0
Let y be 1312/20 - 21/35. Let x = -52 + y. Calculate the remainder when 38 is divided by x.
12
Suppose -4*q + 7*s = 10*s - 205, 258 = 5*q + 2*s. Calculate the remainder when 207 is divided by q.
51
Let m = 37 + -24. Suppose 8*s + m = 9*s. Calculate the remainder when s is divided by 7.
6
Let j(t) be the second derivative of t**4/6 - t**3/6 + t**2 + 4*t. What is the remainder when j(-3) is divided by 8?
7
Suppose 10*a = 5*a + 5*n + 35, 0 = -2*a - n + 26. Let z(f) = -4*f + 6. Let q be z(5). Let y(i) = 2*i + 70. What is the remainder when y(q) is divided by a?
9
Suppose 3*v + 92 = 4*j - 2*v, 4*v = j - 34. Let a = 19 - 15. Suppose -a*z - 1 = -133. Calculate the remainder when z is divided by j.
15
Let b = 680 - 606. Suppose -25 = -5*f + 70. Calculate the remainder when b is divided by f.
17
Suppose 5 - 1 = f. Let s = 383 - 281. Suppose -3*y + 5*b + s = -2*y, -2*b = -f*y + 408. What is the remainder when y is divided by 26?
24
Let d = -508 - -538. What is the remainder when 118 is divided by d?
28
Calculate the remainder when 59 is divided by (-7)/42 + 388/24.
11
Let t = 19 + -16. Suppose 3*g = t*n - 0*n - 81, g = 3*n - 33. Let z = g - -42. What is the remainder when 53 is divided by z?
17
Let y(m) = 23. Let h(l) = -l + 1. Let f(t) = 5*h(t) + y(t). Let q be f(8). What is the remainder when q/42 - 1644/(-21) is divided by 16?
14
Suppose 3*o = 169 - 40. Calculate the remainder when o is divided by (9/(-6) + 0)*(-15 + 5).
13
Let f = -146 - -234. Let o = f - 46. What is the remainder when o is divided by 22?
20
Let u be 27/(-6)*16/12. Let s be -1 + 8 - u/(-2). Suppose -2*v = -5*v + 2*l + 47, s*l = -4. What is the remainder when 27 is divided by v?
12
Let o(w) = 38*w**2 - 2*w - 1. Let b be o(2). Suppose 6*g - 297 = b. Suppose 38 = v + v. What is the remainder when g is divided by v?
17
Let k(d) = 42*d**2 - 1. Calculate the remainder when 162 is divided by k(1).
39
Suppose 3*r - 3 = 3*h, 5*h = -r + h + 11. Suppose -r*s = s + 16. What is the remainder when 7 + s/(-2) + 1 is divided by 4?
2
Let v = 121 + -115. Suppose -v*j = -10*j + 324. Calculate the remainder when j is divided by 14.
11
Let k be 0/((-3 - -2)*-3). Suppose -8*u + 9 + 119 = k. What is the remainder when 27 is divided by u?
11
Let v(h) = 2*h + 2 + 0*h - 8*h. What is the remainder when 78 is divided by v(-3)?
18
Suppose -64 = 6*b - 16. Let q(l) = l**2 + 5*l + 20. What is the remainder when q(b) is divided by 16?
12
Let h be 2/10 + (-18)/(-10). Suppose 0 = -4*g + h*g + 6. Suppose 3*q + 17 = 5*d, -q + d - 4*d + 13 = 0. Calculate the remainder when g is divided by q.
0
Let p(h) = h**2 + 2*h - 2. Suppose 54*v = 58*v - 96. Calculate the remainder when v is divided by p(-5).
11
Let w be (-25 - -22) + -5*1. Calculate the remainder when 26 is divided by ((w + 2)*1)/((-9)/12).
2
Let h be (-2)/(0 + (-3)/18). Suppose -h*b + 14*b - 52 = 0. Suppose 5*p + 3*n - 287 - 218 = 0, 3*n = -2*p + 202. Calculate the remainder when p is divided by b.
23
Suppose 3*l = 3*k - 24, 3*l = 3*k + k - 36. Calculate the remainder when (-798)/(-154) - (k/22)/3 is divided by 2.
1
What is the remainder when ((-20)/6)/((98/(-231))/7) is divided by 8?
7
Suppose 7 - 49 = -b. Let k(a) = 576*a - 1130. Calculate the remainder when b is divided by k(2).
20
Let d(x) = x**3 - 22*x**2 - 54*x + 155. Calculate the remainder when 130 is divided by d(24).
9
Let i = 176 - 159. Suppose -5*j = -3*o - 26 - 63, j - o = i. What is the remainder when 113 is divided by j?
18
Suppose -n = 2*n - 252. Suppose -n = -4*l - 0*l. Calculate the remainder when 2/18 - (4152/(-54) - 4) is divided by l.
18
Let r(f) = f**3 + 8*f**2 - 2*f - 11. Let z be r(-8). Suppose 1 + z = -h. Calculate the remainder when 33 is divided by h/8*96/(-8).
6
Let y = -6 + 14. Suppose -2515*t = -2526*t + 375 - 100. Calculate the remainder when t is divided by y.
1
Suppose 0 = -w - 7*w + 312. What is the remainder when 350 is divided by w?
38
Suppose 0 = 2*m + 21 + 3. Let p(y) = -y - 12. Let u be p(m). Suppose u = -10*o + 6*o + 36. Calculate the remainder when o is divided by 5.
4
Suppose -i + 41 = -5*k, 2*i - k - 52 = 3*k. Calculate the remainder when (4/8)/(1438/(-180) + 8) is divided by i.
13
Suppose -4*f + 21 = -3*f. Suppose 5*g + 0*g - 25 = 0. Suppose 0 = -g*i + i + 44. What is the remainder when f is divided by i?
10
Let w(o) = o**2 + 16*o - 31. Suppose 4*h = -h + 440. Suppose 12 = -4*g + h. Calculate the remainder when g is divided by w(-18).
4
Suppose 4*b - 5*c - 88 = 0, -6*c = -4*b - 11*c + 88. Let g = -4 + 10. What is the remainder when b is divided by g?
4
Let h = 1 + -1. Suppose h = 4*q + 5*k - 172, -2*q + 88 = -0*k + 3*k. Let r(v) = v**2 + 42*v - 171. What is the remainder when q is divided by r(-46)?
12
Let k = 7 + 6. 